eds digit of 34398?
3
What is the ten thousands digit of 31169?
3
What is the hundreds digit of 21204?
2
What is the thousands digit of 13520?
3
What is the hundreds digit of 50553?
5
What is the thousands digit of 159935?
9
What is the ten thousands digit of 48766?
4
What is the tens digit of 888?
8
What is the hundreds digit of 1622?
6
What is the tens digit of 40323?
2
What is the hundreds digit of 385?
3
What is the units digit of 1082?
2
What is the tens digit of 606?
0
What is the tens digit of 461?
6
What is the thousands digit of 12471?
2
What is the hundreds digit of 2238?
2
What is the hundreds digit of 2168?
1
What is the tens digit of 18182?
8
What is the thousands digit of 1219?
1
What is the units digit of 6696?
6
What is the units digit of 247?
7
What is the hundred thousands digit of 114241?
1
What is the tens digit of 4340?
4
What is the units digit of 12051?
1
What is the tens digit of 851?
5
What is the hundreds digit of 58571?
5
What is the tens digit of 2354?
5
What is the thousands digit of 7451?
7
What is the ten thousands digit of 120377?
2
What is the hundreds digit of 1881?
8
What is the tens digit of 3902?
0
What is the hundreds digit of 9838?
8
What is the thousands digit of 7418?
7
What is the ten thousands digit of 57839?
5
What is the units digit of 7315?
5
What is the tens digit of 3007?
0
What is the hundreds digit of 8355?
3
What is the units digit of 8077?
7
What is the hundreds digit of 15066?
0
What is the thousands digit of 1658?
1
What is the tens digit of 72?
7
What is the units digit of 33909?
9
What is the hundreds digit of 2927?
9
What is the thousands digit of 7021?
7
What is the thousands digit of 12229?
2
What is the tens digit of 1010?
1
What is the hundreds digit of 8614?
6
What is the thousands digit of 49787?
9
What is the units digit of 37210?
0
What is the hundreds digit of 198?
1
What is the tens digit of 118?
1
What is the tens digit of 28813?
1
What is the units digit of 1141?
1
What is the thousands digit of 5900?
5
What is the hundreds digit of 4424?
4
What is the tens digit of 13304?
0
What is the hundreds digit of 31001?
0
What is the units digit of 1364?
4
What is the tens digit of 3779?
7
What is the thousands digit of 4256?
4
What is the hundreds digit of 265?
2
What is the ten thousands digit of 52845?
5
What is the thousands digit of 71217?
1
What is the thousands digit of 1018?
1
What is the hundreds digit of 419?
4
What is the tens digit of 11375?
7
What is the tens digit of 5096?
9
What is the units digit of 29943?
3
What is the hundreds digit of 19088?
0
What is the hundreds digit of 32088?
0
What is the thousands digit of 60109?
0
What is the hundreds digit of 18001?
0
What is the units digit of 15892?
2
What is the tens digit of 5942?
4
What is the hundreds digit of 4706?
7
What is the hundreds digit of 126231?
2
What is the thousands digit of 3719?
3
What is the thousands digit of 4861?
4
What is the units digit of 110405?
5
What is the units digit of 3447?
7
What is the hundreds digit of 8467?
4
What is the ten thousands digit of 50094?
5
What is the tens digit of 3897?
9
What is the ten thousands digit of 10276?
1
What is the hundreds digit of 33305?
3
What is the tens digit of 114187?
8
What is the units digit of 23481?
1
What is the hundreds digit of 4074?
0
What is the tens digit of 1137?
3
What is the units digit of 101?
1
What is the units digit of 20023?
3
What is the tens digit of 16556?
5
What is the tens digit of 37848?
4
What is the tens digit of 644?
4
What is the units digit of 16706?
6
What is the hundreds digit of 2341?
3
What is the tens digit of 1743?
4
What is the ten thousands digit of 48871?
4
What is the hundreds digit of 2197?
1
What is the units digit of 2071?
1
What is the units digit of 1466?
6
What is the units digit of 42867?
7
What is the thousands digit of 35430?
5
What is the tens digit of 5491?
9
What is the hundreds digit of 2405?
4
What is the tens digit of 1139?
3
What is the tens digit of 433?
3
What is the ten thousands digit of 191449?
9
What is the hundreds digit of 34811?
8
What is the hundreds digit of 1538?
5
What is the thousands digit of 180787?
0
What is the tens digit of 40707?
0
What is the units digit of 28901?
1
What is the thousands digit of 5037?
5
What is the thousands digit of 30696?
0
What is the hundreds digit of 5998?
9
What is the tens digit of 4668?
6
What is the tens digit of 22337?
3
What is the units digit of 1106?
6
What is the tens digit of 18089?
8
What is the ten thousands digit of 17497?
1
What is the units digit of 5512?
2
What is the thousands digit of 41371?
1
What is the hundreds digit of 878?
8
What is the tens digit of 1270?
7
What is the hundreds digit of 1694?
6
What is the tens digit of 1897?
9
What is the units digit of 139810?
0
What is the thousands digit of 8573?
8
What is the tens digit of 417?
1
What is the tens digit of 17350?
5
What is the units digit of 51054?
4
What is the thousands digit of 75811?
5
What is the thousands digit of 81999?
1
What is the hundreds digit of 69429?
4
What is the units digit of 6667?
7
What is the units digit of 56?
6
What is the units digit of 8632?
2
What is the thousands digit of 14435?
4
What is the thousands digit of 1643?
1
What is the thousands digit of 40988?
0
What is the hundreds digit of 5832?
8
What is the thousands digit of 61167?
1
What is the hundreds digit of 609?
6
What is the tens digit of 8703?
0
What is the thousands digit of 5285?
5
What is the thousands digit of 1321?
1
What is the ten thousands digit of 40347?
4
What is the hundreds digit of 12801?
8
What is the tens digit of 8009?
0
What is the units digit of 98117?
7
What is the hundreds digit of 10286?
2
What is the units digit of 34640?
0
What is the tens digit of 1750?
5
What is the units digit of 216?
6
What is the tens digit of 147343?
4
What is the hundreds digit of 616?
6
What is the thousands digit of 23817?
3
What is the tens digit of 10357?
5
What is the units digit of 125?
5
What is the hundreds digit of 1839?
8
What is the units digit of 21475?
5
What is the hundreds digit of 1143?
1
What is the tens digit of 61499?
9
What is the units digit of 22460?
0
What is the tens digit of 104107?
0
What is the units digit of 723?
3
What is the hundreds digit of 4122?
1
What is the thousands digit of 10287?
0
What is the tens digit of 1009?
0
What is the tens digit of 163?
6
What is the thousands digit of 5923?
5
What is the tens digit of 15136?
3
What is the thousands digit of 1058?
1
What is the units digit of 117?
7
What is the hundreds digit of 1754?
7
What is the tens digit of 5491?
9
What is the thousands digit of 40125?
0
What is the tens digit of 5649?
4
What is the hundreds digit of 158?
1
What is the tens digit of 1837?
3
What is the units digit of 1286?
6
What is the ten thousands digit of 15372?
1
What is the thousands digit of 2922?
2
What is the units digit of 2195?
5
What is the units digit of 52276?
6
What is the tens digit of 1326?
2
What is the tens digit of 947?
4
What is the tens digit of 151?
5
What is the units digit of 13557?
7
What is the units digit of 32?
2
What is the units digit of 18309?
9
What is the tens digit of 11754?
5
What is the units digit of 979?
9
What is the hundreds digit of 2651?
6
What is the hundreds digit of 1791?
7
What is the hundreds digit of 2014?
0
What is the tens digit of 611?
1
What is the tens digit of 126759?
5
What is the units digit of 4389?
9
What is the hundreds digit of 14393?
3
What is the hundreds digit of 33086?
0
What is the units digit of 785?
5
What is the hundreds digit of 1953?
9
What is the units digit of 8370?
0
What is the tens digit of 2186?
8
What is the tens digit of 519?
1
What is the hundreds digit of 48374?
3
What is the hundreds digit of 1227?
2
What is the units digit of 867?
7
What is the hundreds digit of 4755?
7
What is the thousands digit of 2442?
2
What is the hundreds digit of 482?
4
What is the hundreds digit of 2193?
1
What is the hundreds digit of 834?
8
What is the ten thousands digit of 102446?
0
What is the tens digit of 7059?
5
What is the hundreds digit of 435?
4
What is the ten thousands digit of 71548?
7
What is the units digit of 6381?
1
What is the units digit of 147763?
3
What is the uni